et y be 7*(36/(-28) - -1). Let r be y*(4 + (-39)/6). Let v(j) = -j**3 + 7*j**2 - 4*j - 3. What is the tens digit of v(r)?
2
Suppose 6*x + 2508 - 27738 = 0. What is the thousands digit of x?
4
Let p be ((-27)/(-81))/(2/(-36)*-2). Suppose -44 + 14 = -5*m. Let z = m + p. What is the units digit of z?
9
Suppose 0 = 2*o - o - 2. Suppose -199 - 45 = -o*x. What is the hundreds digit of x?
1
Let w(m) = -m**2 - 24*m - 6. What is the hundreds digit of w(-15)?
1
Let q(c) be the second derivative of c**7/1260 - c**6/240 - c**5/60 + c**4/3 + 4*c. Let h(x) be the third derivative of q(x). What is the units digit of h(3)?
7
Let b(q) be the first derivative of 2*q**3/3 + q**2/2 + 3*q + 1. What is the units digit of b(-6)?
9
Let u(c) = -5*c**2 + 4*c + 10. Let g be u(-7). Let r = g - -454. What is the units digit of r?
1
Let r = -1069 + 2046. What is the hundreds digit of r?
9
Let c be 0 + -113 - 10/(-5). Let j = -14 + c. Let u = -84 - j. What is the tens digit of u?
4
Suppose -d - 99 = -438. What is the units digit of d?
9
Let b(o) be the third derivative of o**5/30 + 7*o**4/24 + 3*o**3/2 + o**2. Let c(d) = d**2 + 7*d + 7. Let l be c(-4). What is the tens digit of b(l)?
2
Let k be 1/3 - (-244)/6. What is the units digit of (5 + k/(-5))/((-2)/50)?
0
Suppose 4572 = 2*h + 3*y, 6*y - 4562 = -2*h + 8*y. What is the hundreds digit of h?
2
Suppose w + 164 = 5*w. Suppose -3*r + w = -v - v, -v + 5 = 0. Let y = r + 20. What is the units digit of y?
7
Let s(x) = x**3 - 13*x**2 + 7*x + 9. Let l be s(12). What is the tens digit of 6/51 - 4125/l?
8
Let f(h) be the third derivative of 5/24*h**4 - 1/3*h**3 + 0 - 1/60*h**5 + 1/120*h**6 + 3*h**2 + 0*h. What is the tens digit of f(2)?
1
Suppose -6*p + 4*p + 230 = 0. What is the units digit of p?
5
Let z(k) = 5*k**2 - 24*k + 8. What is the tens digit of z(11)?
4
Let b(q) = -q**2 + 4*q - 1. Let x be b(3). Suppose x*h + 214 = 4*n, h - 1 + 2 = 0. What is the tens digit of n?
5
What is the tens digit of -2*(3 - 5) + 1 + 328?
3
Let g(l) = 10*l + 1. Suppose 3*b = -2*b - 5. Let d be b/((-2 - -3)*-1). What is the units digit of g(d)?
1
What is the tens digit of 1502*((-6)/(-8))/(39/26)?
5
Let g be 2/(-7) - 304/14. Let n = 157 + g. What is the units digit of n?
5
Suppose 15*a = -1034 + 32084. What is the units digit of a?
0
Let x = 11 + -32. Let o = x - -76. What is the tens digit of o?
5
Let v(f) = f**2 - 34*f + 32. Let z be v(15). Let p = -126 - z. What is the hundreds digit of p?
1
Suppose -235 - 1232 = 9*s. Let m = -93 - s. What is the units digit of m?
0
Let a(q) = q + 4. Let n be a(-4). Suppose -4*t - 10 + 206 = n. What is the units digit of t?
9
Suppose 625 = f + 4*f. Suppose 2*j = -4*o + 320, -3*j - f - 51 = -2*o. What is the tens digit of o?
8
Let l = 1439 - 114. What is the tens digit of l?
2
Let h = -141 + 60. What is the tens digit of h/(-5) + 5/(-25)?
1
What is the thousands digit of (-5006300)/(-1200) - (-2)/24?
4
Let k be (8/(-3)*-1)/(2/3). Suppose -2*g = -c - 150, 0 = 4*g - 0*c - k*c - 296. What is the units digit of g?
6
Suppose -3*p + 1212 + 36 = 3*u, 4*p = -2*u + 830. What is the tens digit of u?
1
Let p(a) = a**3 + 3*a**2 - 6*a - 5. Suppose -11*t = -10*t + 3. What is the units digit of p(t)?
3
Suppose 0*z = 3*z - x - 169, 4 = -4*x. Let r = z + -21. What is the units digit of r?
5
Let l(r) = r**2 + 17*r + 16. Let k be l(-16). Suppose -m = -k*m - 111. What is the units digit of m?
1
Let q be (-3 - -54 - -3)*1. Let z = q - -30. Suppose 0 = i + 3*i - z. What is the units digit of i?
1
Let t = -178 - -414. What is the units digit of t?
6
Let o be -10 + (6 - (5 - 3)). Let f = o + 6. Suppose 5 = -z, 5*p + f*z = 5*z + 290. What is the units digit of p?
3
Let l(q) = 2*q**3 - 18*q**2 + 41*q - 23. What is the hundreds digit of l(12)?
3
Let w(s) = s**2 - 2*s + 1. Let a be w(1). Suppose z + 31 = 4*t, -2*t - 5*z = -a*t - 21. What is the units digit of t?
8
What is the hundreds digit of 4183 - 24*(120/(-18) - -7)?
1
What is the thousands digit of ((-76)/57)/((-4)/3318)?
1
Suppose 2*t = -5*x + 2702, 11*x - 16*x = -2*t - 2718. What is the tens digit of x?
4
Suppose 7*o - 5263 = -2001. What is the tens digit of o?
6
Let z(r) = r**3 - 2*r + 52. Let c be z(0). Suppose 4*x - c = -0. What is the units digit of x?
3
Suppose 7*h = 3*h - 88. Let s = 25 + h. What is the units digit of 140/s + 2/(-3)?
6
Let v = 150 - 147. What is the units digit of 6/(-6)*v*-109?
7
Suppose -4*g = o - 853, -38*o + 42*o - 2*g = 3340. What is the hundreds digit of o?
8
Let c = 19 - 7. Suppose c*h + h = 1586. What is the hundreds digit of h?
1
Let o(l) = -9*l - 18. Let n be (3/12 - 1)*8. What is the units digit of o(n)?
6
Suppose 0 = 4*y + 5*h - 8455, -h + 826 = -4*y + 9263. What is the tens digit of y?
1
Let w(i) be the third derivative of i**6/120 - 13*i**5/60 + 13*i**4/24 + 5*i**3/2 - i**2. Suppose 120 = -20*y + 360. What is the tens digit of w(y)?
2
What is the units digit of (-5)/(-2)*(-31 - -29) + 474?
9
Suppose 3*l - 7755 = -2*h, 5*h - 12930 = -2*l - 3*l. What is the hundreds digit of l?
5
Suppose 4*h + 4 = 4*k, 0 = 5*k + h - 4*h - 3. Let p be (0/(-3))/(-3*8/12). Suppose p = 3*r - 4*j - j - 99, k = j. What is the tens digit of r?
3
Let s be ((-4)/(-10)*(-20)/(-8))/1. Let t(m) = -4 - 2*m + 3 + 22*m. What is the units digit of t(s)?
9
Let k = -1126 + 1734. What is the units digit of k?
8
Let n be ((-10)/(-3))/((-4)/(-18)). Suppose -6*z = -z - n. Suppose r - 68 = -z*r. What is the units digit of r?
7
Let a = -95 + 98. Suppose 0 = -a*r + r + 2*d + 288, 2*r - 276 = -4*d. What is the tens digit of r?
4
Let n(w) = -w**3 - 12*w**2 + 10*w. Let y = -134 - -121. What is the tens digit of n(y)?
3
Suppose -15 = -3*p - 5*o, 2*p = 2*o - 5*o + 11. Let c be (-45)/(-15) - (0 - 5). Let i = c + p. What is the tens digit of i?
1
Let f(r) = r**2 - 15*r + 19. Let l be f(18). Suppose 0 = -5*d + 187 + l. What is the units digit of d?
2
Suppose 2*q - 12 = -4. Let j = q - 4. Suppose j = -4*p + 2*p + 76. What is the units digit of p?
8
Let s(x) = -7*x + 2. Let l be s(1). What is the tens digit of ((-80)/l)/4 - -50?
5
What is the tens digit of (2 + 418)*29/58?
1
Suppose 6*r + 2 = -88. What is the units digit of r/6*(-912)/40?
7
Let t(n) = 5*n**2 - 2*n - 1. Let d be t(2). Let o be (132/(-11))/(2/(-4)*1). Let w = o - d. What is the units digit of w?
9
Let b(g) = 2*g**2 + 12*g + 2. Let u be b(-6). Suppose -p = u*p - 87. Let j = -19 + p. What is the tens digit of j?
1
Let x(d) = d + 1. Let h be x(-8). Let u(v) = v**2 + 7*v + 14. Let k be u(h). Let f = 26 - k. What is the tens digit of f?
1
Let r = -10 - -16. Suppose -r = -f + 5*a, 0 = 4*f - 7*f + 4*a + 29. What is the tens digit of f?
1
Let p(o) = -4*o**3 - 3*o**2 + 2*o. Let a be p(3). Let l = a - -84. Let j = l - -64. What is the tens digit of j?
1
Let a = 1557 - 282. What is the hundreds digit of a?
2
Suppose 2*v + t = 1469, -5*t - 132 = 2*v - 1613. What is the tens digit of v?
3
Let r = 0 - -7. Let l = 8 + r. What is the units digit of (0 - -2)/(10/l)?
3
Suppose 25 - 10 = -3*k, 3571 = 2*z + k. What is the units digit of z?
8
Let n(p) be the second derivative of p**3/6 - 7*p**2/2 - 2*p. Let o be n(11). Suppose -164 = -0*v - o*v - 4*z, -5*v = 2*z - 190. What is the units digit of v?
6
Let o be (-64)/(-10) + (-6)/15. Let d be (-4 - (-4)/1)/(-3). Suppose d = -m + 4 + o. What is the units digit of m?
0
Let f = 15 - -1226. What is the tens digit of f?
4
Suppose -5*u - 35 = -0*c - 4*c, u = 5*c - 28. Suppose c*i - 9*i + 1004 = 0. What is the tens digit of i?
5
Let b(d) be the second derivative of -3*d**5/20 - d**4/6 - d**2 + 23*d. Let o(n) = n - 5. Let p be o(3). What is the tens digit of b(p)?
1
Let a(u) = 1010*u + 5. Let v be a(-2). What is the units digit of ((-4)/(-5))/((-26)/v)?
2
Suppose q = -0*q + 294. Let t = q - 180. What is the hundreds digit of t?
1
What is the units digit of (836 - -2)/(1/4)?
2
Suppose 7*k - 3*k - 2136 = 0. What is the units digit of k?
4
What is the tens digit of 551/9 + 1 + (-124)/558?
6
Let h be 8/(-12) - 106/(-6). Suppose f = -u + 1, 2*u + 3*f = 4*u - h. Suppose 3*l + i = u*l - 8, 3*l + 4*i = 52. What is the units digit of l?
2
What is the thousands digit of (-127386)/(-108) - 6/4?
1
Suppose -180 = -2*t + v - 5*v, 4*t + 3*v = 355. Let c = t - 55. What is the units digit of c?
3
Suppose -5*c + 4 = r - 6, -3*r 